when 3 is divided by z?
0
Let g(q) = 18*q**2 - q. Let x be g(1). Let w = 8 + x. Suppose -2*c + 146 = -a - a, 3*a + 365 = 5*c. Calculate the remainder when c is divided by w.
23
Let w = -72 - -129. Calculate the remainder when w is divided by ((-150)/120)/(2/(-32)).
17
Calculate the remainder when (-1 + -4)*1/(2/(-24)) is divided by 21.
18
Let t(g) = -9*g - 33. Calculate the remainder when 94 is divided by t(-5).
10
Suppose 51*o - 1386 = 40*o. Calculate the remainder when 256 is divided by o.
4
Let a(z) = 7*z - 77. What is the remainder when (0 + 110/(-4))*-4 is divided by a(15)?
26
Let t(m) = 4*m**2 - 11*m - 22. What is the remainder when 312 is divided by t(-3)?
30
Let y(p) = p. Let r(d) = 17*d - 6. Let c(l) = r(l) - 4*y(l). What is the remainder when c(7) is divided by 31?
23
Suppose 4*j = -0*j - 688. Let z = -118 - j. Suppose -a = -4*a + 57. Calculate the remainder when z is divided by a.
16
Suppose 120 = 28*y - 26*y. Suppose 0 = -2*q - y + 10. Let m = q + 37. Calculate the remainder when 32 is divided by m.
8
Calculate the remainder when 35 is divided by 216/9 + -1 + -1.
13
Suppose -5*o + 406 + 144 = 0. Suppose -4*g - h + 142 = 0, o = g + 2*g - h. What is the remainder when 41 is divided by 12/g - 41/(-3)?
13
Suppose -5*f = -22 - 3. Suppose 7*s - 195 = 2*s. Suppose -4*t + f = -s. What is the remainder when 32 is divided by t?
10
Suppose -3*b = -2*h - 399, 0*b - 2*b + 266 = 3*h. Let j = -3186 + 3201. What is the remainder when b is divided by j?
13
Suppose -6*v = -v - 10. Suppose v*t = 4*t + 2. Calculate the remainder when 13 is divided by (14/(-4))/(t/2).
6
Suppose 13122 = -1019*k + 1037*k. What is the remainder when k is divided by 61?
58
Let k = 10 - 3. Let c = 48 - 45. Suppose 0 = -0*x + 5*x + 3*w - 91, -c = w. What is the remainder when x is divided by k?
6
Let f(d) = -27*d + 17. Let p be f(-4). Suppose 3*k - 7*r = -3*r + p, 0 = -2*r - 4. Calculate the remainder when k is divided by 10.
9
Let t be (-23)/2 - 1/2. Let z = 500 - 472. What is the remainder when 332/6 - (-4)/t is divided by z?
27
Suppose 4*t = -0*t + 956. Suppose 4*r + s + 61 = t, 5*r + 4*s = 217. Suppose -209 + 17 = -8*x. What is the remainder when r is divided by x?
21
Let a = 998 - 860. What is the remainder when a is divided by 47?
44
Suppose 3*f = -11*f + 210. Calculate the remainder when 43 is divided by f.
13
Let l(r) = -r**3 + 10*r**2 - 11*r - 36. Calculate the remainder when l(7) is divided by 5.
4
Let t = 228 - 215. Calculate the remainder when t is divided by 5.
3
Let w(t) be the first derivative of -t**3/3 + 15*t**2/2 + t - 9. What is the remainder when 52 is divided by w(13)?
25
Let n = -1081 - -1172. Calculate the remainder when 268 is divided by n.
86
Let k = 1082 + -1041. What is the remainder when (-838)/(-7) + 8/28 is divided by k?
38
Let l = -147 + 307. What is the remainder when l is divided by 54?
52
Let w(q) = q**2 + q. Let i be w(-2). Suppose -i*j + 4*c + 40 = 8*c, 0 = -2*j + 3*c + 54. Calculate the remainder when 92 is divided by j.
20
Suppose 3*l - p - 114 = 0, 11*p = 7*p - 12. Calculate the remainder when l is divided by 10.
7
Let c = 163 + -115. What is the remainder when c is divided by 17?
14
Suppose -2*i = -2*p - i + 169, 3*i - 249 = -3*p. What is the remainder when p is divided by 39?
6
Let f be 2/5 + 2/10*-2. Suppose 2*d + h + 4 = 11, h + 1 = f. What is the remainder when 6 is divided by d?
2
Let u(k) = -7*k - 7. Let v(s) = 14*s + 15. Let b(f) = 13*u(f) + 6*v(f). Let m = 13 - 8. What is the remainder when b(-2) is divided by m?
3
Let v(u) = -5*u - 22. Let t be v(-5). Suppose -3*c - 6 = 0, t*s = -0*s - c + 310. What is the remainder when s is divided by 21?
20
Let v = 69 + -66. Suppose 5*g = 68 - v. Calculate the remainder when g is divided by 8.
5
Let z be 1 + (0 - -3) - -3. Suppose -z - 9 = 4*l. Calculate the remainder when 39 + (l - -4) + -1 is divided by 10.
8
Let d(i) = 2*i**3 - 6*i**2 + 4*i - 31. Suppose -2*p - 4*a = -32, p - 3*a + 29 = 3*p. What is the remainder when d(4) is divided by p?
7
Let l = -5 - -15. Let u = 51 - 36. What is the remainder when u is divided by l + -4 + 4 - 1?
6
Let o(b) = -b + 13. Let j be o(6). Let d = j + -2. Calculate the remainder when 13 is divided by d.
3
Suppose 4*p + 94 + 54 = 0. Let t = p + 123. Calculate the remainder when t is divided by (-2)/5 - 294/(-10).
28
Suppose -h + 0*y = -2*y + 1, -4*y + 8 = 0. Suppose -7*w + h*w + 132 = 0. What is the remainder when w is divided by 10?
3
Let y be (-72)/48*4/(-3). Suppose 127 = 5*p - h - 2*h, -106 = -4*p - y*h. Calculate the remainder when 71 is divided by p.
19
Let n be 3/33*9 + 4/22. Calculate the remainder when 18 is divided by (n - -3)*(-2)/(-1).
2
Suppose 457 = 5*d + 12. Let g = 78 - 63. Calculate the remainder when d is divided by g.
14
Suppose -2*c = 550 - 558. Calculate the remainder when 55 is divided by c.
3
Suppose -3*u = -w + 66, -5*u - 352 = -5*w - u. What is the remainder when w is divided by 30?
12
Suppose 4*j = 102 + 262. Suppose -2*w + 3*p = -77, 0 = w - 0*w - 3*p - 46. Calculate the remainder when j is divided by w.
29
Let s = 168 + 151. What is the remainder when s is divided by 66?
55
Let t(y) = y**2 - 3*y. Let o be t(-6). Let d = 61 - o. Let i = -1 - -3. Calculate the remainder when d is divided by i.
1
Suppose -4*j + 35 = j. Let d(l) = l + 8. Let n be d(-4). Suppose -4*y = 3*q - 139, y + 3*q + 99 = n*y. Calculate the remainder when y is divided by j.
6
What is the remainder when 325 is divided by (-1)/(-4 - (-3135)/785)?
11
Let a(v) = -3*v + 53. Calculate the remainder when 25 is divided by a(15).
1
Let w(u) = -u**3 + 2*u**2 + 4*u + 129. What is the remainder when 263 is divided by w(0)?
5
Suppose -629 = 17*c - 2006. Calculate the remainder when c is divided by 25.
6
Let s(c) = 15 + 2*c**3 + 2*c - 11 + 17 - 18*c**2. Calculate the remainder when s(9) is divided by 24.
15
Let p(r) = r + 3. Suppose 0 = -2*y + 15*y - 858. Suppose -y = -b - 20. What is the remainder when b is divided by p(9)?
10
Let j = 74 + -25. Suppose -j = -8*c + 23. Calculate the remainder when 24 is divided by c.
6
Suppose 5*h + 2*o + 4 = 2, 0 = -5*h + 2*o - 18. Let j = 7 + h. Suppose -j*n + 53 = -102. Calculate the remainder when n is divided by 11.
9
Suppose 0 = 6*x + 295 - 1837. What is the remainder when x is divided by 13?
10
Let v = -112 - -136. What is the remainder when 86 is divided by v?
14
Let s = -20 + 38. Let i(m) = 16*m + 0 - s*m + 2. Calculate the remainder when 57 is divided by i(-9).
17
Let v be (17/7 - 3)/((-4)/14). Suppose v*k = -2*g + 58, -g = -k + 4*g + 59. Calculate the remainder when k is divided by 12.
10
Suppose b - 3*a = -6*a + 14, 0 = b + 4*a - 9. Suppose -45 - 6 = -w + 5*u, 3*w = -u + 169. Calculate the remainder when w is divided by b.
27
Let w(v) = -36*v - 4 + 47*v**2 + 34*v + 2. Calculate the remainder when w(-2) is divided by 48.
46
Let s(u) = u**2 - 4*u + 7. Let r be s(6). Suppose 5*i - r = o, -2*o + 2*i - 5*i + 27 = 0. Calculate the remainder when ((-561)/22)/((-6)/4) is divided by o.
5
Suppose 24 = 5*a - 4*v - 0*v, a = -2*v + 2. Suppose 19*w = 15*w - 5*r + 58, 5*w + 4*r = 77. What is the remainder when w is divided by a?
1
Suppose -a + 62 = 3*s, 6*s - 3*s - 3*a = 54. What is the remainder when 136 is divided by s?
16
Suppose -5 = -2*r + r, 4*v + 3*r = 239. Let l = -1260 + 1280. What is the remainder when v is divided by l?
16
Suppose -5*w + 577 = 3*f, 7*f - 8*f - 222 = -2*w. Suppose 0 = 2*u - 5*u - 5*v - 14, -5*u + 3*v = 12. Calculate the remainder when w is divided by 0 - -26*1 - u.
26
Calculate the remainder when 596 is divided by (-2808)/(-28) + (-24)/84.
96
Let i = 606 - 558. Calculate the remainder when i is divided by 33.
15
What is the remainder when (-2)/((-2)/(-633))*(-1016)/762 is divided by 25?
19
Let p = 135 + -94. Let g(r) = r**3 - 20*r**2 - 88*r - 31. Calculate the remainder when g(24) is divided by p.
38
Let z = 627 + -236. Calculate the remainder when z is divided by 8.
7
Let o be 1/(((-2)/40)/((-10)/25)). Calculate the remainder when 5/(((-2)/o)/(90/(-24))) is divided by 20.
15
Suppose -2*w = -8 - 0. Suppose -4*h + 17 = -5*k, 4*k = -8 + 4. Suppose 0 = 2*f, -f + h = b - 0. Calculate the remainder when w is divided by b.
1
Let h be (-4)/12*0 + -2. Let o = -7 - -30. Calculate the remainder when o is divided by (3/h + 2)